2655?
18262
In base 4, what is -212330113331 - -1122?
-212330112203
In base 4, what is 22133232 - -2212?
22202110
In base 6, what is 120153 - 200242?
-40045
In base 12, what is 764b - -3284?
a913
In base 11, what is 748 + 11344?
11a91
In base 10, what is 4 - -36366706?
36366710
In base 12, what is -1 - -3126b5a?
3126b59
In base 10, what is -2 + -985681?
-985683
In base 7, what is 2126 + 1215226?
1220355
In base 15, what is -1154b + -1db?
-11737
In base 5, what is -4 - -400103432200?
400103432141
In base 13, what is 1c880cc - -25?
1c88124
In base 14, what is -2bbdc - -9?
-2bbd3
In base 9, what is 5886 + 72745?
78742
In base 7, what is -234 + 2046610?
2046343
In base 10, what is 44179050 + -5?
44179045
In base 3, what is -102 + -12012220021201?
-12012220022010
In base 7, what is 0 + -223416?
-223416
In base 14, what is -28d01a9 + -2?
-28d01ab
In base 15, what is 43cbbc - a?
43cbb2
In base 10, what is 31240 - 24447?
6793
In base 15, what is 1ab88 - -24?
1abac
In base 9, what is 213147055 + 0?
213147055
In base 15, what is 96ac8a - 2?
96ac88
In base 8, what is -4027736 - -161?
-4027555
In base 13, what is -639c9 + -268?
-63c64
In base 8, what is 20550703 - -72?
20550775
In base 16, what is -739050 + -3?
-739053
In base 4, what is -3111313 - -110102?
-3001211
In base 10, what is -23816 + 303?
-23513
In base 11, what is -1570573 + -20?
-1570593
In base 9, what is -262 - 112054?
-112326
In base 4, what is -213003 + -3303200?
-10122203
In base 15, what is -50 + -89c277?
-89c2c7
In base 9, what is 275 - 26124?
-25738
In base 5, what is -42 - -311033104?
311033012
In base 8, what is 767257 + 1545?
771024
In base 16, what is -bfab6 + d?
-bfaa9
In base 15, what is -81556ca + -6?
-81556d1
In base 4, what is -13 - -1130033301?
1130033222
In base 15, what is 8d + -1575c?
-156be
In base 7, what is -206156 + 26?
-206130
In base 13, what is 140c - 20630?
-1c221
In base 11, what is -796a56 + 11?
-796a45
In base 8, what is -1251052 - 3?
-1251055
In base 12, what is 1043059 + 4?
1043061
In base 5, what is -224440 + 4003?
-220432
In base 11, what is -499 - 32879?
-33267
In base 7, what is 123624400 + 5?
123624405
In base 16, what is -a7a62 - 7?
-a7a69
In base 14, what is -11 + 92013d?
92012c
In base 10, what is 111 - 94242?
-94131
In base 5, what is 1201324 + -4010030?
-2303201
In base 7, what is 2446513 - 1564?
2444616
In base 7, what is 64600511 - -302?
64601113
In base 16, what is -484b - 31f?
-4b6a
In base 9, what is 3202 + 3176?
6378
In base 8, what is -5 + -27126344?
-27126351
In base 2, what is 11000101001 + -1000001111011011?
-111110110110010
In base 10, what is -34359 + -426?
-34785
In base 13, what is 79158 + 20?
79178
In base 12, what is -5 - b6b902?
-b6b907
In base 5, what is -210 + 24124242?
24124032
In base 15, what is 8789338 - 7?
8789331
In base 4, what is 1 - 1300132012?
-1300132011
In base 12, what is 35 - -79597?
79610
In base 10, what is -935 - 145000?
-145935
In base 2, what is 1101100100 - -1011111011111110?
1100001001100010
In base 8, what is -4 + 6146213?
6146207
In base 11, what is -9 - -13410181?
13410173
In base 2, what is -1001001110101 - -110000111001?
-11000111100
In base 12, what is 11b06 - -6a9a?
189a4
In base 3, what is 11102 + -1000010211?
-222222102
In base 6, what is -5 - -1132034334?
1132034325
In base 15, what is -1168d9e + 0?
-1168d9e
In base 11, what is 5a05087 + -3?
5a05084
In base 7, what is 143 - -52110366?
52110542
In base 4, what is 320133 + -111111?
203022
In base 16, what is 3 + 6db9fbd?
6db9fc0
In base 14, what is 4 - 306252?
-30624c
In base 6, what is -301440 + -24143?
-330023
In base 2, what is 101111010110100001011 - 100000110?
101111010110000000101
In base 10, what is -2 + -282383?
-282385
In base 11, what is 4 - -3aa155?
3aa159
In base 7, what is -33512441411 - -1?
-33512441410
In base 4, what is -1220113010 + -21?
-1220113031
In base 15, what is 5 + 2b3a79a?
2b3a7a0
In base 3, what is -12202100221 + 22011220?
-12110012001
In base 10, what is -76320 - -3878?
-72442
In base 14, what is a5d391 + -26?
a5d369
In base 5, what is -12422412312 + -10?
-12422412322
In base 4, what is -2 + 302310302311?
302310302303
In base 16, what is -2 - -c84571?
c8456f
In base 12, what is -47 - -803b37?
803ab0
In base 4, what is -102030010312 + -11?
-102030010323
In base 9, what is -325836545 + -5?
-325836551
In base 7, what is 2226125225 + 1?
2226125226
In base 11, what is -2837 + 342?
-24a5
In base 7, what is 36242130 + 216?
36242346
In base 8, what is -233326475 + -6?
-233326503
In base 14, what is -12d + -17c7?
-1916
In base 11, what is -68911 + 92?
-6882a
In base 3, what is -1000002021202202201 + 1?
-1000002021202202200
In base 16, what is -2 + -160e6ab?
-160e6ad
In base 5, what is 333120011411 + 0?
333120011411
In base 2, what is 1000111 + -100011101000110101110?
-100011101000101100111
In base 16, what is -1e - -972c0?
972a2
In base 12, what is -44843216 + 3?
-44843213
In base 15, what is -21 - 5595e?
-55980
In base 9, what is -1358447 - 17?
-1358465
In base 13, what is 1 - -b8a3aa7?
b8a3aa8
In base 10, what is 4 - 13234214?
-13234210
In base 11, what is -9a002 - 241?
-9a243
In base 6, what is -1 + 1332534520?
1332534515
In base 12, what is 3717 + -b6b5?
-7b9a
In base 3, what is -122 + -1010001121221?
-1010001122120
In base 9, what is -12616035 + -18?
-12616054
In base 12, what is -471211 + 34?
-471199
In base 4, what is -22 + 1031100122?
1031100100
In base 5, what is -3 + -110434420042?
-110434420100
In base 6, what is 1213334 + 14022?
1231400
In base 8, what is 45212 + 1627?
47041
In base 10, what is 9920 + 471?
10391
In base 16, what is -13f17 + d44?
-131d3
In base 3, what is -10 - -220220010121000?
220220010120220
In base 8, what is -4 + 517573356?
517573352
In base 13, what is 2403 + 1c148?
2154b
In base 4, what is -21030101 + 1332?
-21022103
In base 5, what is -1420131 + -1233?
-1421414
In base 10, what is -1735 - 3304?
-5039
In base 4, what is -2 - 310213112200?
-310213112202
In base 2, what is -100 + 11100100001111100100101110?
11100100001111100100101010
In base 5, what is 133403 - 430213?
-241310
In base 8, what is 12723644 - 346?
12723276
In base 6, what is 1443231 + -23220?
1420011
In base 11, what is 44 + -8471a6a?
-8471a26
In base 7, what is -2642305125 - -4?
-2642305121
In base 3, what is 2220 - -1012010000221?
1012010010211
In base 13, what is -2 - 5c7c0?
-5c7c2
In base 3, what is -2211022212001210 + 11?
-2211022212001122
In base 10, what is 519181 - -70?
519251
In base 15, what is -3 + -de3913e?
-de39142
In base 8, what is -40653236 + -60?
-40653316
In base 14, what is 241 + b2951?
b2b92
In base 14, what is 1 - -153571?
153572
In base 7, what is -23 + 4522411?
4522355
In base 11, what is 43 + 29a16?
29a59
In base 13, what is 32 + -97794?
-97762
In base 10, what is -863 + 1382?
519
In base 8, what is -253 + -556171?
-556444
In base 9, what is -4 + 812514?
812510
In base 14, what is -789dd88 + -3?
-789dd8b
In base 8, what is -2 - 53404367?
-53404371
In base 3, what is 12112100221011 + -1?
12112100221010
In base 14, what is 5 - b15c6?
-b15c1
In base 7, what is -151333146 + -4?
-151333153
In base 9, what is 204656567 + 4?
204656572
In base 12, what is -3aa03 - -15?
-3a9aa
In base 4, what is -1 - 121110120201?
-121110120202
In base 4, what is -1002 - 1102101132?
-1102102200
In base 10, what is -6 + -62716101?
-62716107
In base 8, what is 2 - 26354336?
-26354334
In base 2, what is -11100100111000110 - -100011?
-11100100110100011
In base 10, what is -2 - 12269898?
-12269900
In base 3, what is -20 + 10221112002221?
10221112002201
In base 15, what is e0 - 2b81d?
-2b72d
In base 7, what is -1532 + 32133?
30301
In base 9, what is 5 + -2081857?
-2081852
In base 14, what is -25109 - 10?
-25119
In base 9, what is 14770271 + 3?
14770274
In base 13, what is aa + -10940?
-10863
In base 16, what is -c + -145e53d?
-145e549
In base 16, what is -58 - f3abd?
-f3b15
In base 9, what is -5 - 56504241?
-56504246
In base 15, what is 1932293 - 3?
1932290
In base 10, what is -382 + 20811?
20429
In base 5, what is 11142421 - 34101?
11103320
In base 13, what is 2050 - 197c?
3a1
In base 12, what is -3751ba9 + -2?
-3751bab
In base 2, what is 101 + 10001111111101110011000011?
10001111111101110011001000
In base 10, what is 74 - 52315?
-52241
In